Calculate the remainder when 82860643 is divided by 355625.
18
Calculate the remainder when 2100242 is divided by 131265.
2
Calculate the remainder when 182219 is divided by 606.
419
Calculate the remainder when 268250 is divided by 22289.
782
What is the remainder when 32316 is divided by 1110?
126
What is the remainder when 443701564 is divided by 957?
955
Calculate the remainder when 686516 is divided by 36.
32
Calculate the remainder when 207414971 is divided by 236.
235
Calculate the remainder when 25955248 is divided by 4187.
35
What is the remainder when 32784104 is divided by 15567?
2
What is the remainder when 197273 is divided by 196664?
609
Calculate the remainder when 7776558 is divided by 442.
10
What is the remainder when 40397030 is divided by 7592?
7590
Calculate the remainder when 88972 is divided by 640.
12
Calculate the remainder when 18708 is divided by 6202.
102
What is the remainder when 1651369 is divided by 550380?
229
Calculate the remainder when 69920012 is divided by 8728.
4
What is the remainder when 410155 is divided by 9?
7
What is the remainder when 503733 is divided by 165059?
8556
What is the remainder when 193217 is divided by 19321?
7
Calculate the remainder when 260372 is divided by 1193.
298
Calculate the remainder when 242349 is divided by 187.
184
Calculate the remainder when 163224 is divided by 40545.
1044
Calculate the remainder when 5446825 is divided by 99033.
10
Calculate the remainder when 6937107 is divided by 41789.
133
What is the remainder when 1271570 is divided by 25944?
314
What is the remainder when 616372 is divided by 47?
14
Calculate the remainder when 76292662 is divided by 1253.
1251
Calculate the remainder when 24103 is divided by 7724.
931
Calculate the remainder when 293228 is divided by 2144.
1644
Calculate the remainder when 354001 is divided by 1954.
327
What is the remainder when 6564013 is divided by 46?
43
What is the remainder when 116898247 is divided by 1396?
1395
Calculate the remainder when 14494539 is divided by 805245.
129
What is the remainder when 15717 is divided by 63?
30
Calculate the remainder when 65581845 is divided by 4684415.
35
What is the remainder when 9023648 is divided by 478?
442
What is the remainder when 13013673 is divided by 2691?
2688
Calculate the remainder when 3465791 is divided by 2666.
2657
What is the remainder when 27597670 is divided by 26384?
6
What is the remainder when 13617142 is divided by 257?
254
Calculate the remainder when 63561 is divided by 31726.
109
Calculate the remainder when 5603231 is divided by 5164.
291
Calculate the remainder when 504073205 is divided by 3309.
3308
What is the remainder when 10684591 is divided by 83?
1
Calculate the remainder when 256503 is divided by 21375.
3
Calculate the remainder when 15820135 is divided by 417.
406
What is the remainder when 4250635 is divided by 86?
85
Calculate the remainder when 2272909 is divided by 1.
0
Calculate the remainder when 5395 is divided by 661.
107
What is the remainder when 2668286 is divided by 205252?
10
What is the remainder when 192109994 is divided by 250?
244
What is the remainder when 9313 is divided by 2346?
2275
What is the remainder when 350847 is divided by 70?
7
Calculate the remainder when 54681035 is divided by 10936203.
20
Calculate the remainder when 2179631 is divided by 272443.
87
Calculate the remainder when 10656750 is divided by 3734.
3648
Calculate the remainder when 14133458 is divided by 29.
18
What is the remainder when 391229 is divided by 390552?
677
Calculate the remainder when 8379303 is divided by 1146.
897
What is the remainder when 470888 is divided by 11?
0
Calculate the remainder when 289149104 is divided by 5.
4
Calculate the remainder when 57667439 is divided by 2915.
2909
Calculate the remainder when 261541457 is divided by 277.
273
Calculate the remainder when 80338 is divided by 13355.
208
What is the remainder when 731924 is divided by 5503?
25
What is the remainder when 177134 is divided by 621?
149
Calculate the remainder when 10251569 is divided by 353502.
11
Calculate the remainder when 868722 is divided by 818.
6
Calculate the remainder when 1082902 is divided by 360950.
52
What is the remainder when 1175430 is divided by 621?
498
Calculate the remainder when 3931931 is divided by 127.
11
Calculate the remainder when 220101 is divided by 72.
69
Calculate the remainder when 10709403 is divided by 631.
71
Calculate the remainder when 26859321 is divided by 13429610.
101
Calculate the remainder when 6976323 is divided by 445.
58
What is the remainder when 4156240 is divided by 84817?
207
Calculate the remainder when 4617235 is divided by 2188.
555
What is the remainder when 335168 is divided by 55855?
38
What is the remainder when 1279411 is divided by 479?
2
Calculate the remainder when 490833 is divided by 81676.
777
What is the remainder when 131307767 is divided by 44?
19
Calculate the remainder when 17971525 is divided by 39325.
0
Calculate the remainder when 45288 is divided by 649.
507
Calculate the remainder when 1127395 is divided by 4534.
2963
Calculate the remainder when 994955 is divided by 36837.
356
Calculate the remainder when 483530905 is divided by 73.
2
Calculate the remainder when 51950830 is divided by 103.
102
Calculate the remainder when 1053960 is divided by 351262.
174
Calculate the remainder when 294211 is divided by 147089.
33
Calculate the remainder when 57587 is divided by 1825.
1012
What is the remainder when 1140222 is divided by 507?
486
What is the remainder when 847298 is divided by 1870?
188
Calculate the remainder when 306064 is divided by 318.
148
Calculate the remainder when 30664519 is divided by 66.
61
What is the remainder when 63547806 is divided by 3?
0
What is the remainder when 13315 is divided by 4435?
10
Calculate the remainder when 31780 is divided by 938.
826
What is the remainder when 17813108 is divided by 1040?
1028
Calculate the remainder when 548 is divided by 504.
44
What is the remainder when 157064 is divided by 5408?
232
What is the remainder when 2189664 is divided by 31?
10
Calculate the remainder when 542603 is divided by 146.
67
Calculate the remainder when 654000 is divided by 114.
96
Calculate the remainder when 11637 is divided by 4539.
2559
Calculate the remainder when 26465669 is divided by 10.
9
What is the remainder when 124609338 is divided by 27148?
18
What is the remainder when 33064 is divided by 291?
181
What is the remainder when 1074139 is divided by 358044?
7
What is the remainder when 129719121 is divided by 13?
12
What is the remainder when 18800970 is divided by 290?
270
What is the remainder when 60416866 is divided by 46261?
0
Calculate the remainder when 540173 is divided by 844.
13
What is the remainder when 6530029 is divided by 6529960?
69
Calculate the remainder when 32376650 is divided by 44.
42
Calculate the remainder when 3390154 is divided by 28.
26
What is the remainder when 13597432 is divided by 409?
227
What is the remainder when 3020798 is divided by 44423?
34
What is the remainder when 2930994 is divided by 1318?
1080
Calculate the remainder when 18111745 is divided by 165.
25
What is the remainder when 70025613 is divided by 41?
32
What is the remainder when 272934 is divided by 422?
322
Calculate the remainder when 64840 is divided by 3230.
240
Calculate the remainder when 634805358 is divided by 8.
6
Calculate the remainder when 29516566 is divided by 2076.
2074
What is the remainder when 24715 is divided by 93?
70
Calculate the remainder when 1978801 is divided by 2954.
2575
What is the remainder when 7491200 is divided by 14546?
10
Calculate the remainder when 12110 is divided by 425.
210
What is the remainder when 8536110 is divided by 2558?
64
What is the remainder when 771138 is divided by 771078?
60
Calculate the remainder when 14588075 is divided by 4215.
4175
What is the remainder when 4489884 is divided by 199?
46
Calculate the remainder when 11541594 is divided by 2520.
2514
What is the remainder when 12814150 is divided by 67?
65
Calculate the remainder when 766988 is divided by 397.
381
What is the remainder when 41348309 is divided by 28?
9
What is the remainder when 104254583 is divided by 861608?
15
What is 